tens digit of g?
1
Let j = 40 - 14. Let l = -3 + j. What is the units digit of l?
3
Let j be 10 + -5 - 6/2. Suppose 5*w + 236 = 4*c, -j*w + 120 = 2*c - 5*w. What is the tens digit of c?
5
Suppose g + 5*q = -0*g + 23, -g - 4 = -4*q. Suppose -4 = -g*u + 4*u - 4*c, -3*u = 4*c. What is the units digit of (27/(-12))/((-1)/u)?
9
Suppose -5*q - 2 = -92. What is the units digit of q?
8
Let h = 42 - 18. Suppose -3*a + h = 6. Suppose 2*q + 2*c - 22 = 0, -2*c - 37 = -3*q - a*c. What is the units digit of q?
7
Suppose -g = -2*g + 6. What is the units digit of g?
6
What is the units digit of (4 + -3)*3 + 22?
5
Let a(t) = 202*t**3 - t**2 + 2*t - 2. What is the tens digit of a(1)?
0
Suppose 2 = -4*o - 2. Let v be 7 + -2 + 1 + o. Suppose 4*l - v - 3 = 0. What is the units digit of l?
2
Suppose g + m = 105, -3*g - 5*m = -0*m - 321. What is the hundreds digit of g?
1
Suppose -4*x - 4*i + 35 = -169, 3*x + i - 157 = 0. What is the units digit of x?
3
Let v(t) = 12*t + 2. Let z be v(2). Let r be 14/8 + 2/8. Suppose z = r*s + 10. What is the units digit of s?
8
Let q be ((-14)/8)/(5/(-20)). Let k = q - 5. Suppose 2*v + 15 = 7*v + r, k*v + 2*r = 14. What is the units digit of v?
2
Let s(i) = -i**2 - 14*i + 13. What is the units digit of s(-12)?
7
Let x be (-2)/(-4)*(-2 - -2). Let w = 7 - 5. Let d = x + w. What is the units digit of d?
2
What is the tens digit of 211*1 + -2 + 2?
1
Suppose -3*w + 6 + 6 = 0. Suppose w*z - 3*u - 56 = 0, -z + 3*u = 5 - 19. What is the units digit of z?
4
What is the units digit of 33/(-2)*40/(-6)?
0
Let a(j) = -5*j**3 + 4*j + 5. Let o(s) = -s**3 + s + 1. Let w(c) = -a(c) + 6*o(c). Let f = -2 + 0. What is the units digit of w(f)?
5
Let j(t) = t**2 - 4*t - 1. Let l be j(4). Let d be l + (13 - 2)/(-1). Let x = d - -20. What is the units digit of x?
8
Let i(x) = 2*x + 4. Let v(z) = z + 3. Let g(y) = -3*i(y) + 4*v(y). Let p be g(-5). What is the units digit of (-81)/(-15) - 4/p?
5
Let r = 79 - 32. What is the units digit of r?
7
Let c = 4 - 1. Suppose 3*z + 12 = 3*b, 0 = -z - c - 0. What is the units digit of b?
1
Suppose 47 = 3*y - 4*r, -y + 2*r = 6*r - 37. What is the units digit of y?
1
Suppose i - 81 = -4*t, -t + 4*i = -4*t + 77. What is the units digit of t?
9
Let w(v) = 2*v**2 + 6*v + 5. What is the tens digit of w(-5)?
2
Let r = 9 - 6. Suppose -13 + 1 = -4*l. Suppose 3*g + r*y - 12 = -2*y, 0 = y + l. What is the units digit of g?
9
Let m = 8 + -12. Let q = 2 - m. Let g(w) = -w**2 + 7*w + 3. What is the units digit of g(q)?
9
Let s(f) = -f + 28. Let c be s(16). Suppose -3*m + c = -m. What is the units digit of m?
6
Let z(m) = -5*m - 6. What is the units digit of z(-4)?
4
Suppose 0 = -2*o + 7*o - 15. Suppose -o*v = 5*w - 16, -5*w + 13 = 2*v - 1. Suppose u + u - w = 0. What is the units digit of u?
1
Let f = -102 - -157. Suppose -4*z + 44 = -3*o, 0 = -z - 4*z + 2*o + f. What is the units digit of (-2 + 3)*(2 + z)?
3
Let h = -80 - -44. Let g = h - -59. What is the units digit of g?
3
Let k be (-4)/10*(-3 + -2). Let q = -10 + 11. Let f = q + k. What is the units digit of f?
3
Let a(z) = 3*z**2 - 2*z**2 - 13 - z - 3*z. What is the units digit of a(10)?
7
Let f(t) = 14*t**2. Let l be (3/(-2))/(21/(-14)). What is the tens digit of f(l)?
1
Let q = 47 - -56. What is the hundreds digit of q?
1
Suppose -4*l = 4 + 20. What is the units digit of l/(-3) - 4 - -22?
0
Let k = 456 - 22. What is the hundreds digit of k?
4
Suppose 5*t + 2 = 5*w + 7, 2*t + 4*w + 4 = 0. Let a = 4 + t. What is the units digit of a?
4
Suppose 0 = 2*x - x - v, 0 = 4*x + v. Suppose x*a + a = 8. What is the units digit of a?
8
Let k = -2 + 3. Let p(b) = b - b + b - k. What is the units digit of p(6)?
5
Suppose -42 + 132 = 3*m. What is the tens digit of m?
3
Suppose -4*w - w - 140 = 0. Let c = 0 - w. What is the tens digit of c?
2
What is the units digit of 34 + -1 + -2 + 3?
4
Suppose 7*x - 3*x = 356. What is the tens digit of x?
8
Let c = -3 - -18. What is the tens digit of c?
1
Let u be (208/(-24))/((-4)/6). Let z = u - 7. What is the units digit of z?
6
What is the tens digit of 3/(2 + 212/(-112))?
2
Let d be 2/(-6)*(-192 + -3). What is the units digit of d/8 + 1/(-8)?
8
Let y = 188 - 142. What is the tens digit of y?
4
Let u(y) = -7*y**2 - 3*y - 4. Let z(t) = 13*t**2 + 7*t + 9. Let d(g) = -9*u(g) - 4*z(g). Let m be ((-2)/4)/((-1)/2). What is the units digit of d(m)?
0
Let z = -11 + 12. Suppose -2*l + 2 + z = s, 11 = 3*s + 4*l. What is the units digit of s?
5
Let u be (2 - -114)/(4/2). Let p = u - 37. What is the units digit of p?
1
Suppose 5*u - 641 = 504. What is the hundreds digit of u?
2
Let h = -19 + 40. Suppose -3 - h = -t. What is the tens digit of t?
2
Let h(j) = j. Let c be h(5). Suppose 195 = 5*l - c*s, -3*l + 5*s - 34 = -151. What is the tens digit of l?
3
Let n = -1 + 10. What is the units digit of n/(-12) - (-43)/4?
0
Let y = 21 + -11. Suppose 2*s - 5*n + y*n + 19 = 0, 3*s - 4 = -n. What is the units digit of s?
3
Let t = 67 + -28. What is the units digit of t?
9
What is the tens digit of 30/15 - (-105 + -1)?
0
Suppose 0 = 3*q - q - 4. Suppose 50 = q*m + 2. What is the units digit of m?
4
What is the tens digit of 2*(-1)/4 + (-321)/(-2)?
6
Let l(m) = -9*m - 5. What is the hundreds digit of l(-13)?
1
Suppose -4*a + m + 165 = a, -116 = -3*a + 4*m. What is the units digit of a?
2
Suppose o - 5 = -3. Suppose -26 + 0 = -o*s - 4*b, 2*b = 8. What is the units digit of s?
5
Let i = -9 + 3. What is the units digit of ((-40)/15)/(2/i)?
8
Let c = -20 - -73. What is the units digit of c?
3
Let r(d) = 789*d. Let m be r(-4). What is the units digit of m/(-84) - (-3)/7?
8
What is the units digit of 74/12 - 1/6?
6
Suppose -2*u = 3*v + 2*u - 264, -4*u - 472 = -5*v. What is the units digit of v?
2
Suppose 2*l = 2*j - 6*j - 16, 3*l + 9 = -3*j. Suppose -b + l*b - 53 = -3*u, 5*u - 2*b = 81. What is the tens digit of u?
1
Let r(w) = w**3 + w**2 + w + 2. Suppose 9*m - 15 = 4*m. Suppose 2*d = -m*d. What is the units digit of r(d)?
2
Suppose -2*d - 2 = -5*i + 3, -2*i + 26 = 4*d. Let w(m) = m. Let n(z) = z - 1. Let k(f) = -n(f) + 4*w(f). What is the tens digit of k(i)?
1
Let x be -2 - (-5)/(5/16). Let n = 4 + -12. Let c = n + x. What is the units digit of c?
6
Let g be (-4 - -2)*(-2)/2. What is the units digit of g/((-4)/(-34)) + 1?
8
Let k = 6 - 3. Let l be (-2)/3*(-54)/k. What is the units digit of 2/(2 - 21/l)?
8
Let b be ((-10)/(-4))/(3/6). Suppose -b*c + 23 = -n, c + 11 = -0*c - 5*n. Suppose 4*i - 9 = 7*i + c*j, -5*j - 20 = -5*i. What is the units digit of i?
1
Suppose -4*d = 5*z + 148, 2*d = d - 2*z - 40. Let x = -13 - d. Let v = x + -11. What is the units digit of v?
8
Let m(i) = i**2 + 4*i + 4. Let s be m(-5). Let y = 19 + s. Suppose -5*u + y = -u. What is the units digit of u?
7
Let s be (-2)/(0 - (-2)/(-1)). Suppose 4*j - 37 = -s. Suppose 2*z = -5*b + j, 2*b - 2*z = -z + 9. What is the units digit of b?
3
Suppose -2*s = 2, o + s + 10 = 4*o. Let z = 3 + o. What is the units digit of z?
6
Suppose -7*o - 141 = -484. What is the tens digit of o?
4
Suppose 2*g = -0*s - 3*s - 5, 0 = -g - 2*s. Suppose d = -7*d + 40. Let n = d - g. What is the units digit of n?
5
What is the units digit of (-3)/((-30)/1586) + (-6)/10?
8
Let n(y) = -1 - 4*y + 3 - 3. Let v be n(-2). Suppose -v = -2*w + h, -2*h = 3*h - 5. What is the units digit of w?
4
What is the hundreds digit of ((-482)/(-3))/(4/6)?
2
Let y = 3 - 1. Suppose -3*w + 13 = 2*g, 0 = 2*w - g + y*g - 10. What is the units digit of w?
7
Let i(o) = -8*o + 1. Let x be i(-1). What is the units digit of (-2)/(-6) + 60/x?
7
Let d(v) = v**3 + 18*v**2 - 3*v - 5. What is the tens digit of d(-18)?
4
Suppose 2*d + 0*d - 246 = 2*f, -2*d + 244 = -f. What is the tens digit of d?
2
Let a be ((-3)/((-3)/(-8)))/(-2). What is the tens digit of (13/a)/(4/16)?
1
Let l be 4/(-2)*8/(-4). Suppose -a - z + 3 = -5, -l*a = -z - 17. Suppose -2*w - w = -r - 68, -a*w = 3*r - 90. What is the units digit of w?
1
Let s be (1 - 0)*0/2. Suppose s = -a + 4*a - 240. Suppose -3*q - 2*q = -a. What is the tens digit of q?
1
Suppose -3*m = -0*m - 15. Let o be (-1)/3 - m/3. What is the units digit of -1 - o - (-3 - 1)?
5
Let d(i) = i**3 - 12*i**2 + 11*i + 7. Let f be d(11). Let t = f - 13. Let c = t + 18. What is the units digit of c?
2
What is the tens digit of (-1001)/(-10) - 